en 1411 is divided by 2?
1
What is the remainder when 839 is divided by 210?
209
What is the remainder when 175 is divided by 26?
19
Calculate the remainder when 139 is divided by 49.
41
Calculate the remainder when 2251 is divided by 161.
158
Calculate the remainder when 350 is divided by 9.
8
What is the remainder when 476 is divided by 156?
8
Calculate the remainder when 20 is divided by 8.
4
Calculate the remainder when 383 is divided by 43.
39
Calculate the remainder when 2194 is divided by 36.
34
What is the remainder when 734 is divided by 361?
12
Calculate the remainder when 436 is divided by 73.
71
Calculate the remainder when 35 is divided by 9.
8
Calculate the remainder when 132 is divided by 23.
17
Calculate the remainder when 338 is divided by 52.
26
Calculate the remainder when 1760 is divided by 26.
18
Calculate the remainder when 231 is divided by 22.
11
What is the remainder when 53 is divided by 20?
13
Calculate the remainder when 705 is divided by 692.
13
What is the remainder when 318 is divided by 203?
115
What is the remainder when 114 is divided by 26?
10
Calculate the remainder when 810 is divided by 25.
10
Calculate the remainder when 2042 is divided by 82.
74
Calculate the remainder when 72 is divided by 15.
12
What is the remainder when 569 is divided by 141?
5
Calculate the remainder when 268 is divided by 130.
8
What is the remainder when 2309 is divided by 766?
11
What is the remainder when 8160 is divided by 39?
9
What is the remainder when 48 is divided by 21?
6
What is the remainder when 145 is divided by 56?
33
What is the remainder when 204 is divided by 69?
66
What is the remainder when 546 is divided by 130?
26
What is the remainder when 519 is divided by 136?
111
Calculate the remainder when 289 is divided by 33.
25
What is the remainder when 325 is divided by 247?
78
Calculate the remainder when 654 is divided by 41.
39
Calculate the remainder when 227 is divided by 26.
19
Calculate the remainder when 103 is divided by 9.
4
Calculate the remainder when 1600 is divided by 22.
16
What is the remainder when 1530 is divided by 253?
12
Calculate the remainder when 210 is divided by 102.
6
What is the remainder when 273 is divided by 55?
53
What is the remainder when 525 is divided by 44?
41
Calculate the remainder when 4315 is divided by 8.
3
Calculate the remainder when 117 is divided by 8.
5
What is the remainder when 73 is divided by 26?
21
What is the remainder when 25 is divided by 7?
4
What is the remainder when 138 is divided by 24?
18
What is the remainder when 1763 is divided by 12?
11
Calculate the remainder when 5793 is divided by 161.
158
What is the remainder when 1236 is divided by 321?
273
Calculate the remainder when 716 is divided by 48.
44
Calculate the remainder when 260 is divided by 133.
127
What is the remainder when 140 is divided by 37?
29
Calculate the remainder when 824 is divided by 122.
92
What is the remainder when 2447 is divided by 36?
35
What is the remainder when 329 is divided by 22?
21
Calculate the remainder when 394 is divided by 48.
10
What is the remainder when 533 is divided by 79?
59
What is the remainder when 204 is divided by 42?
36
What is the remainder when 45 is divided by 17?
11
Calculate the remainder when 74 is divided by 68.
6
What is the remainder when 463 is divided by 16?
15
Calculate the remainder when 936 is divided by 60.
36
What is the remainder when 181 is divided by 35?
6
Calculate the remainder when 39 is divided by 15.
9
What is the remainder when 3775 is divided by 31?
24
What is the remainder when 119 is divided by 8?
7
Calculate the remainder when 245 is divided by 16.
5
What is the remainder when 3440 is divided by 855?
20
Calculate the remainder when 1733 is divided by 34.
33
Calculate the remainder when 453 is divided by 12.
9
Calculate the remainder when 358 is divided by 74.
62
What is the remainder when 123 is divided by 25?
23
What is the remainder when 26 is divided by 10?
6
Calculate the remainder when 487 is divided by 29.
23
What is the remainder when 393 is divided by 67?
58
Calculate the remainder when 1284 is divided by 66.
30
Calculate the remainder when 38 is divided by 9.
2
What is the remainder when 101 is divided by 30?
11
Calculate the remainder when 141 is divided by 29.
25
Calculate the remainder when 262 is divided by 44.
42
Calculate the remainder when 424 is divided by 71.
69
Calculate the remainder when 1715 is divided by 570.
5
Calculate the remainder when 136 is divided by 61.
14
What is the remainder when 321 is divided by 133?
55
Calculate the remainder when 793 is divided by 24.
1
Calculate the remainder when 71 is divided by 17.
3
Calculate the remainder when 539 is divided by 68.
63
What is the remainder when 676 is divided by 414?
262
Calculate the remainder when 521 is divided by 216.
89
Calculate the remainder when 2657 is divided by 35.
32
What is the remainder when 432 is divided by 87?
84
Calculate the remainder when 1380 is divided by 3.
0
What is the remainder when 3634 is divided by 182?
176
Calculate the remainder when 77 is divided by 28.
21
What is the remainder when 109 is divided by 14?
11
Calculate the remainder when 11943 is divided by 13.
9
What is the remainder when 609 is divided by 42?
21
Calculate the remainder when 45 is divided by 12.
9
Calculate the remainder when 4865 is divided by 2426.
13
Calculate the remainder when 197 is divided by 31.
11
Calculate the remainder when 2270 is divided by 754.
8
Calculate the remainder when 162 is divided by 4.
2
Calculate the remainder when 52 is divided by 11.
8
Calculate the remainder when 186 is divided by 174.
12
What is the remainder when 680 is divided by 136?
0
Calculate the remainder when 581 is divided by 38.
11
Calculate the remainder when 501 is divided by 101.
97
Calculate the remainder when 730 is divided by 3.
1
Calculate the remainder when 12237 is divided by 17.
14
Calculate the remainder when 1589 is divided by 33.
5
What is the remainder when 269 is divided by 93?
83
Calculate the remainder when 9317 is divided by 10.
7
What is the remainder when 285 is divided by 76?
57
Calculate the remainder when 152 is divided by 17.
16
Calculate the remainder when 2353 is divided by 15.
13
What is the remainder when 475 is divided by 53?
51
What is the remainder when 682 is divided by 235?
212
What is the remainder when 111 is divided by 17?
9
Calculate the remainder when 279 is divided by 38.
13
Calculate the remainder when 4043 is divided by 6.
5
Calculate the remainder when 196 is divided by 22.
20
What is the remainder when 1903 is divided by 4?
3
What is the remainder when 202 is divided by 66?
4
What is the remainder when 626 is divided by 7?
3
What is the remainder when 654 is divided by 170?
144
What is the remainder when 1994 is divided by 74?
70
Calculate the remainder when 110 is divided by 58.
52
What is the remainder when 372 is divided by 25?
22
What is the remainder when 5027 is divided by 43?
39
What is the remainder when 952 is divided by 24?
16
Calculate the remainder when 127 is divided by 42.
1
Calculate the remainder when 170 is divided by 53.
11
What is the remainder when 1667 is divided by 331?
12
What is the remainder when 985 is divided by 43?
39
Calculate the remainder when 693 is divided by 29.
26
Calculate the remainder when 813 is divided by 164.
157
Calculate the remainder when 735 is divided by 253.
229
Calculate the remainder when 971 is divided by 9.
8
What is the remainder when 197 is divided by 72?
53
Calculate the remainder when 79 is divided by 11.
2
What is the remainder when 718 is divided by 163?
66
Calculate the remainder when 733 is divided by 53.
44
What is the remainder when 180 is divided by 68?
44
Calculate the remainder when 908 is divided by 153.
143
Calculate the remainder when 2313 is divided by 122.
117
Calculate the remainder when 254 is divided by 84.
2
Calculate the remainder when 397 is divided by 171.
55
What is the remainder when 91 is divided by 24?
19
Calculate the remainder when 145 is divided by 50.
45
Calculate the remainder when 1124 is divided by 66.
2
What is the remainder when 296 is divided by 34?
24
What is the remainder when 5982 is divided by 105?
102
What is the remainder w